*s**2 - 109*s + 27. Calculate c(-22).
5
Let s(i) = -i - 18. Give s(-8).
-10
Let v(g) = -4*g - 58. Calculate v(-13).
-6
Let c(n) = 6*n - 5. Give c(3).
13
Let f(b) = b**3 - 6*b**2 - 4*b - 2. Calculate f(6).
-26
Let k(p) = p**3 + 8*p**2 + 19*p + 19. Give k(-6).
-23
Let g(n) = -18*n. Determine g(-2).
36
Let d(q) = -2*q - 1. Give d(-1).
1
Let j(r) = -2*r**2 - r - 33. Calculate j(0).
-33
Let u(m) = -m**3 + 33*m**2 + 32*m + 67. Give u(34).
-1
Let d(n) = n**3 - 10*n**2 + 18*n - 6. Calculate d(8).
10
Let l(v) = -v**2 + 10*v - 8. What is l(8)?
8
Let l(u) = -u**3 - 7*u**2 + 8*u + 9. Determine l(-8).
9
Let i(m) = m**2 + 29*m + 13. Determine i(-29).
13
Let a(d) = -d**2 - 14*d - 19. Determine a(-11).
14
Let l(p) = 2*p**2 + 12*p + 29. What is l(-7)?
43
Let m(f) = f**2 + 10*f - 12. Give m(-10).
-12
Let s(m) = m**3 + 14*m**2 + 11*m - 16. What is s(-13)?
10
Let v(a) = a**3 + 10*a**2 + 13*a + 7. Determine v(-9).
-29
Let l(y) = y**2 - y - 5. Determine l(-4).
15
Let a(u) = u**2 + 6*u - 6. Give a(-10).
34
Let r(w) = w**2 + 12*w + 23. Calculate r(-7).
-12
Let u(h) = -h**3 + 4*h**2 + 2*h + 4. Give u(4).
12
Let p(l) = l**3 + l**2 - 7*l + 6. Calculate p(5).
121
Let p(b) = 19*b + 43. What is p(-2)?
5
Let d(t) = t + 1. Determine d(-9).
-8
Let b(r) = 36*r. Calculate b(-1).
-36
Let j(d) = -5*d**2 - 7*d - 9. What is j(-4)?
-61
Let u(x) = -x**2 + 7*x + 5. Calculate u(6).
11
Let b(u) = 2*u**2 - 16*u + 10. Give b(8).
10
Let r(i) = 2*i - 28. Give r(17).
6
Let u(y) = -2*y**2 - 45*y + 19. Calculate u(-23).
-4
Let l(q) = q**3 + 4*q**2 - 2*q. Determine l(-5).
-15
Let r(n) = -4*n**3 + 2*n**2 - 3*n + 1. Determine r(2).
-29
Let o(k) = 2*k + 1. Determine o(6).
13
Let m(q) = 6*q + 87. What is m(-16)?
-9
Let c(f) = -47*f - 2. Calculate c(2).
-96
Let x(p) = -3*p**2 + 6*p - 1. What is x(5)?
-46
Let w(j) = -j**3 - 7*j - 3. Give w(-4).
89
Let p(m) = 9*m**3 + 2*m**2 - 3*m - 1. Determine p(2).
73
Let g(a) = a**3 - a**2 - 2*a + 2. Calculate g(0).
2
Let p(q) = -q**2 + 4*q - 1. Calculate p(5).
-6
Let a(w) = w**2 - 6*w + 7. Determine a(8).
23
Let l(t) = -t**3 + 3*t**2 + 2*t + 2. Calculate l(5).
-38
Let j(t) = 3*t - 86. What is j(0)?
-86
Let j(h) = 5*h**3 + 5*h + 5. Determine j(-1).
-5
Let r(b) = b**2 + 22*b + 102. Give r(-14).
-10
Let k(q) = -4*q + 23. Give k(6).
-1
Let b(l) = l**3 + l - 56. What is b(0)?
-56
Let g(c) = -c**3 - 12*c**2 - 22*c - 4. Give g(-10).
16
Let s(a) = -2*a - 28. Determine s(-13).
-2
Let k(a) = 16*a - 64. What is k(7)?
48
Let j(w) = 4*w - 111. What is j(26)?
-7
Let w(h) = -31*h + 224. Give w(7).
7
Let d(k) = -2*k + 15. Calculate d(-6).
27
Let p(k) = 3*k + 30. Calculate p(5).
45
Let j(m) = -2*m + 38. Determine j(14).
10
Let b(u) = -7*u - 14. Give b(-7).
35
Let l(a) = 9*a - 14. Determine l(0).
-14
Let i(f) = f**3 - 7*f**2 + 8*f + 4. Give i(6).
16
Let h(o) = o**2 - 2*o + 16. Give h(3).
19
Let h(s) = -3*s**2 + 3*s. What is h(5)?
-60
Let w(x) = -x**3 + 52*x**2 + 59*x - 316. Determine w(53).
2
Let r(o) = -o**2 - 20*o - 18. Give r(-14).
66
Let o(y) = y**3 + 2*y**2 + 2*y - 2. Calculate o(-2).
-6
Let g(z) = z**3 + 12*z**2 - 20*z + 2. Calculate g(2).
18
Let m(b) = 4*b - 1. Give m(-3).
-13
Let s(l) = -l**2 - 17*l + 153. Calculate s(-24).
-15
Let t(r) = -14*r + 4. Give t(2).
-24
Let i(z) = 2*z**2 + 9*z - 31. Calculate i(-7).
4
Let n(y) = -10*y + 9. Determine n(2).
-11
Let p(c) = -21*c + 1. Calculate p(1).
-20
Let v(z) = -2*z - 5. Determine v(-2).
-1
Let v(t) = -t**3 - 6*t**2 + 48*t - 1. Give v(4).
31
Let t(l) = l**2 - 16*l + 11. Calculate t(15).
-4
Let a(i) = -15*i - 13. Calculate a(-5).
62
Let d(y) = y**2 - 4*y - 22. What is d(-7)?
55
Let n(f) = -3*f + 8. Determine n(0).
8
Let t(c) = -c**3 - 16*c**2 + 18*c + 14. Determine t(-17).
-3
Let w(g) = g**3 - 19*g**2 + 34*g - 14. What is w(17)?
-14
Let i(g) = -3*g + 28. Give i(7).
7
Let o(k) = -k**3 + 12*k**2 - 2*k - 9. Determine o(12).
-33
Let l(y) = -y**3 - 19*y**2 - 35*y - 24. Determine l(-17).
-7
Let y(p) = -2*p**2 + 5*p - 7. What is y(5)?
-32
Let z(n) = 2*n**2 + 37*n - 69. What is z(-20)?
-9
Let l(j) = -3*j**2 + 2*j + 1. Determine l(-1).
-4
Let i(o) = o**3 + 4*o**2 - 9*o - 2. Calculate i(-6).
-20
Let o(c) = 10*c**2 - 4*c - 3. Calculate o(-2).
45
Let i(v) = -v**3 - 5*v**2 + 13*v - 3. What is i(-7)?
4
Let j(f) = f**3 - 10*f**2 + 30*f - 48. Determine j(6).
-12
Let z(w) = -9*w - 2. Determine z(3).
-29
Let w(f) = -2*f - 3. Calculate w(0).
-3
Let z(l) = -l**3 + l - 3. What is z(3)?
-27
Let v(w) = -w**3 + 6*w + 3. What is v(3)?
-6
Let p(z) = -z**3 + 7*z**2 + 7*z - 81. Calculate p(6).
-3
Let g(o) = -o**2 - 66*o + 760. Determine g(10).
0
Let i(d) = d**2 - 6*d - 7. Determine i(5).
-12
Let u(z) = -z**2 - 8*z + 8. Determine u(-10).
-12
Let v(k) = 2*k**2 - 14*k - 5. Determine v(8).
11
Let m(z) = z**3 + 10*z**2 - 14*z + 5. Calculate m(-11).
38
Let s(x) = 24*x - 11. Give s(-2).
-59
Let h(n) = -n**2 - 8*n + 4. Give h(-9).
-5
Let g(f) = -3*f**2 + 53*f - 39. Calculate g(17).
-5
Let h(z) = 10*z**2. What is h(2)?
40
Let j(o) = o**3 + 6*o**2 - 8*o - 4. Calculate j(-7).
3
Let w(b) = b**3 + 7*b**2 + 14*b - 13. Determine w(-7).
-111
Let b(a) = -10*a - 306. Determine b(-29).
-16
Let c(k) = k**2 - 2*k - 45. Determine c(0).
-45
Let t(w) = -16*w - 107. What is t(-7)?
5
Let x(b) = -b**2 + 2*b - 3. Determine x(2).
-3
Let n(k) = -15*k + 60. What is n(3)?
15
Let w(b) = b**2 - 19*b - 4. Give w(19).
-4
Let s(l) = l**2 + 8*l + 4. What is s(-6)?
-8
Let m(d) = -d**2 + 4*d + 1. Give m(5).
-4
Let c(w) = -5*w + 18. What is c(-4)?
38
Let m(p) = -13*p - 2. Give m(-3).
37
Let v(m) = 6*m - 31. Calculate v(2).
-19
Let f(r) = -2*r**2 - 4*r + 162. Calculate f(-10).
2
Let b(f) = -2*f**2 - 4*f - 4. Give b(-2).
-4
Let t(s) = -s**2 + 13*s + 2. What is t(7)?
44
Let s(d) = 11*d**2 - 139*d + 89. Determine s(12).
5
Let h(a) = 3*a**3 + 2*a**2 + a - 5. Calculate h(-3).
-71
Let d(x) = x**3 - 8*x**2 - 11. What is d(8)?
-11
Let c(p) = -p**2 + 26*p - 3. Give c(26).
-3
Let y(s) = -2*s**2 + 104*s - 208. Calculate y(50).
-8
Let c(s) = s**2 - 24*s + 7. Give c(23).
-16
Let g(j) = j**3 + 5*j**2 - 2*j + 2. Determine g(-5).
12
Let p(c) = -c**3 + 5*c**2 - 9*c + 1. Calculate p(5).
-44
Let f(o) = -o**2 + 5*o + 49. What is f(-5)?
-1
Let h(g) = -g**3 - 2*g**2 + 3*g + 5. Calculate h(-4).
25
Let v(h) = -8*h + 1. Determine v(-8).
65
Let v(y) = 6*y. Calculate v(1).
6
Let l(z) = z**2 + 31*z - 55. Give l(-33).
11
Let v(i) = -i**3 + 15*i**2 - 15*i + 54. Give v(14).
40
Let p(q) = -q**2 - q + 7. What is p(-5)?
-13
Let a(q) = -3*q**2 - 56*q - 107. Give a(-2).
-7
Let i(z) = 7*z + 398. What is i(-56)?
6
Let l(o) = 3*o - 16. Give l(6).
2
Let g(p) = 2*p**2 - p + 8. What is g(4)?
36
Let w(s) = -s**2 - 8*s + 11. What is w(-6)?
23
Let j(c) = -3*c + 16. What is j(5)?
1
Let p(t) = -6*t - 1. Calculate p(-1).
5
Let f(q) = q**2 - 6*q - 21. Give f(-5).
34
Let i(c) = -2*c**2 + 7*c + 6. What is i(4)?
2
Let d(b) = 2*b**2 + 11*b + 11. What is d(-4)?
-1
Let f(m) = m**3 + 12*m**2 + 8*m + 13. Calculate f(-10).
133
Let n(a) = -a**2 - 3*a + 4. Calculate n(2).
-6
Let g(v) = 4*v - 28. Calculate g(18).
44
Let o(w) = w**3 - 2*w + 32. What is o(0)?
32
Let b(z) = z**3 - 9*z**2 - 10*z - 6. Calculate b(10).
-6
Let u(q) = q**3 - 6*q**2 - q - 6. What is u(5)?
-36
Let t(i) = i**3 - 12*i**2 - 15*i + 13. What is t(13)?
-13
Let l(t) = 40*t - 764. Determine l(19).
-4
Let o(i) = i**2 - 21*i + 40. Determine o(19).
2
Let v(n) = -8*n**2 + n + 1. Determine v(-1).
-8
Let r(a) = -14*a - 528. Give r(-37).
-10
Let z(k) = -2*k**2 - 27*k + 18. Calculate z(-14).
4
Let c(s) = 2*s**2 + 4*s - 4. What is c(-5)?
26
Let g(r) = r**3 - r**2 + 2*r + 4. Determine g(-3).
-38
Let i(b) = -b**3 - 19*b**2 - 21*b - 54. What is i(-18)?
0
Let j(a) = -23*a - 3. Calculate j(2).
-49
Let i(d) = 4*d + 56. Determine i(-14).
0
Let v(i) = i**2 + 3*i - 1. Determine v(-2).
-3
Let v(r) = -2*r - 5. Determine v(11).
-27
Let a(c) = c**3 + 7*c**2 + 3*c + 1. Determine a(-6).
19
Let p(v) = v**3 - 3*v**2 - 5*v - 5. Determine p(6).
73
Let f(a) = -a**3 + 3*a**2 + 5*a - 5. Determine f(4).
-1
Let f(b) = -9*b - 28. Give f(-4).
8
Let i(y) = 4*y**2 - 29*y + 15. Give i(6).
-15
Let v(t) = 2*t**2 + 22*t - 27. Give v(-16).
133
Let j(r) = -r + 5. Give j(-8).
13
Let u(d) = -d**3 - 11*d**2 - 12*d - 14. Calculate u(-10).
6
Let g(s) = 2*s**3 + s**2 + s. Determine g(2).
22
Let v(a) = -2*a**2 + 2*a + 1. Determine v(2).